. Calculate the highest common divisor of 12 and b.
3
Let q = -185 + 355. Let r = 154 + -86. Calculate the highest common divisor of q and r.
34
Suppose -42 = -i - 24. Suppose 126 = i*o - 19*o. Let p be o/10*(-4 - (-12)/18). Calculate the highest common divisor of p and 70.
14
Let d = 856 - 854. Suppose -3*s = -6*s + 90. Suppose -b + d*b = s. What is the highest common divisor of 10 and b?
10
Let i(s) be the second derivative of s**5/20 - s**4/4 - 4*s. Let l be i(3). Suppose l = -3*q + 56 + 52. Calculate the highest common factor of q and 24.
12
Let h be (110 + -101)/(9/(-1 + 4)). Let k = -14 + 34. Suppose -h*l + 19 = 4*a, -5*a - 2*l = 3*l - k. Calculate the greatest common divisor of a and 77.
7
Let h = 3796 - 3770. What is the greatest common divisor of 221 and h?
13
Let i(f) = f + 16. Let c be i(-6). What is the greatest common divisor of c and 5900?
10
Let p(l) = 206*l + 167. Let d be p(-5). Let n = -336 - d. What is the highest common divisor of 31 and n?
31
Suppose 10 - 30 = -5*j. Let l be ((-2)/j)/(2/(-92)). Suppose 3*h = 5*t - 79, t = 2*h + h + l. What is the greatest common factor of 28 and t?
14
Let o = 6376 + 9983. What is the greatest common factor of 266 and o?
133
Suppose q - 4*q = -45. Let t(l) = l. Let w(k) = -k + 1. Let d(h) = -4*t(h) - 5*w(h). Let r be d(q). What is the highest common divisor of r and 40?
10
Let w = 9985 - 9980. What is the highest common factor of w and 7435?
5
Let y be 6/(-39)*(-104)/56*21. Let s = 84 + -34. What is the highest common divisor of y and s?
2
Suppose -3*t + 4*z = -z - 251, 3*t + 3*z = 219. Let j = -223 + 228. Suppose 374 = j*d + 12*d. What is the greatest common factor of t and d?
11
Suppose 0 = c + 4*x - 128 - 57, 591 = 3*c + 3*x. Suppose 5*o - 4*z = 1312, -136*z + 135*z = -2*o + 529. What is the highest common divisor of c and o?
67
Suppose 20 + 7 = 3*w. Suppose -4*x - 26 = w*x. Let p = 56 + x. Calculate the highest common factor of 18 and p.
18
Let s(k) = 2*k**3 - 46*k**2 - 131*k + 73. Let i be s(26). What is the greatest common factor of i and 482?
241
Let v(r) = r**2 + 5*r + 6. Let m be v(-7). Let g be (-64)/(-6)*45/m. Let l be (-6)/(-1) - (2 - -6 - 38). What is the greatest common factor of l and g?
12
Let b be 1/14*-3 - 12677412/(-616). Calculate the highest common divisor of 84 and b.
84
Let q = -2514 + 3636. What is the highest common factor of 132 and q?
66
Let y(t) = -3*t**3 - 4*t + 62. Let r be y(0). Calculate the greatest common factor of r and 4402.
62
Let i = 21832 - -26523. What is the greatest common divisor of i and 95?
95
Suppose -2*p + 945 = 183. Suppose 2*o + 3*r - 201 = 0, 4*o - 2*r = -r + p. What is the highest common factor of 144 and o?
48
Suppose 24*w - 136033 = -23929. Calculate the highest common divisor of w and 9.
9
Suppose -24*r = -53279 + 12791. Calculate the highest common divisor of r and 63.
7
Let h = -516 - -361. Let n be 1 - 2 - (h - (-4)/(-4)). Suppose a - 5*b = 100, 0 = a + a - b - n. Calculate the highest common divisor of 30 and a.
15
Suppose -9937 = -27*s - 4078. Let x = 221 - s. What is the greatest common divisor of x and 30?
2
Let a be 2 + (13 - -26)/((-3)/(-2)). Let t(c) = 12*c**3 - 3*c**2 + 4*c - 1. Let q = -5 - -8. Let s be t(q). Calculate the greatest common divisor of a and s.
28
Suppose -6*i + 37 = 49. Let r = 102 + i. Calculate the highest common divisor of r and 8.
4
Suppose -g - 2*g + 62 = 4*r, 4*r = 3*g - 70. Let u be -59 + 64 + 0 + 83. Calculate the highest common divisor of g and u.
22
Suppose 2*q = -k + 8932, 4*q = 2*k - 14320 - 3488. Calculate the greatest common factor of 52 and k.
26
Let q = 6160 - 4596. What is the highest common divisor of 136 and q?
68
Suppose 0 = 3*l + 3*v - 183, 0 = 240*l - 242*l + 2*v + 134. Calculate the highest common factor of l and 26944.
64
Let s be (-48)/(-1)*(17/6 + -3)*-5848. Calculate the highest common divisor of 34 and s.
34
Let x(b) = -54*b + 176. Let w be x(0). Let l = w + 88. Calculate the highest common divisor of l and 36.
12
Suppose 0 = o + 5*n + 59, 4*n - 71 = 4*o + 165. Let m = 41 + 20. Let p = m + o. Calculate the greatest common factor of p and 26.
2
Suppose 2*z - 148 = b, -6*z - 755 = 5*b - z. Let x be (b/21)/(17/(-476)). Calculate the greatest common divisor of x and 120.
40
Suppose 122 = 122*v - 1220. Let h = -5 + 10. Let c = 6 + h. Calculate the greatest common divisor of c and v.
11
Let z be 7 + (58/(-174) - (-338)/6). Let j = 40 - 22. What is the highest common factor of z and j?
9
Suppose -n + 4*i = -28, -20*i + 18*i + 112 = 3*n. Calculate the highest common factor of n and 1644.
12
Let b = -25930 + 26020. Calculate the greatest common factor of b and 1260.
90
Let h be -5*(2 + -3 - 0). Let b(u) = -u**3 + 6*u**2 + u + 4. Let c be 5 + 4 + (-7 - -4). Let v be b(c). Calculate the highest common divisor of h and v.
5
Let r(o) = o**3 - 123*o**2 + 122*o + 396. Let t be r(122). What is the greatest common divisor of 504 and t?
36
Suppose 61*m - 41 = 59*m - i, 4*m - 75 = -3*i. Calculate the greatest common factor of m and 5100.
12
Suppose 30 = -6*z, 48*r = 50*r + 3*z + 5. Suppose 2*t = 7 - 1. Suppose -4*b + 7*a - t*a = -36, 4*b + 3*a = 8. What is the highest common divisor of r and b?
5
Suppose 3*f + 5*u + 156 - 1461 = 0, 2*f - 2*u - 886 = 0. What is the greatest common factor of f and 420?
20
Let t = -165 + 170. Let f(a) = -2*a**2 + 15*a + 2. Let n be f(t). Calculate the greatest common factor of 54 and n.
27
Let m be (-2)/4 - 7640/(-80). Let f = 433 + m. What is the highest common factor of 12 and f?
12
Let i(x) = -10*x - 14. Let m be i(-3). Let y = -55 - -57. Let f be y/(-1) - (2/(-1) + -2). What is the greatest common divisor of m and f?
2
Suppose 9*k = 3*o + 8*k - 47, -35 = -3*o - 5*k. Suppose -93 = -3*p + o. Suppose -90 = -6*r + r. Calculate the highest common factor of p and r.
18
Let i = 10225 + -10148. Calculate the greatest common factor of 4697 and i.
77
Let q be (-108)/(-5 + 2) + -2 + -5. What is the highest common factor of q and 12267?
29
Let z = 203 - 107. Suppose z = y - 52. Suppose 13*w = 86 + y. What is the highest common divisor of 54 and w?
18
Suppose 5 = -5*f + 8*f + 4*y, 0 = -3*f - 3*y + 6. Suppose 2*u = 4*o - 164, 87 = 5*o - f*u - 120. Calculate the greatest common divisor of 91 and o.
13
Let f be (-4)/18 + 43/(-9). Let i be (2*1)/(f/(-120)). Let t be (-12040)/(-490) - 4/7. Calculate the greatest common factor of i and t.
24
Let i = -115 + 169. Let h be (-3)/(-4) - (-187)/44. Suppose -3*o + 196 = 10*f - h*f, -3*o + 3*f = -228. Calculate the highest common divisor of i and o.
18
Let y be 5760/2520*(-21)/(-2). Suppose 4*a - 4*z = 184, 113 + 29 = 3*a - z. What is the highest common factor of a and y?
24
Let c(f) = 12*f**2 - 15*f - 16. Let n be c(-6). Let y be ((-18)/8 - -2)/((-9)/1656). What is the greatest common divisor of n and y?
46
Let f be (4/10)/((-2)/30). Let a be 10/(-55) + 1888/(-22). Let v be a/f - (-8)/12. What is the highest common divisor of 5 and v?
5
Suppose 5*y + 3*b = -34, -5*b + 28 = -3*y - 3*b. Let i(u) = 0*u**2 + 13*u + 3 + 2*u**2 + 7. Let j be i(y). What is the greatest common factor of 238 and j?
34
Let t(q) = -2*q**2 - 53*q - 61. Suppose 0 = 94*u - 97*u + p - 72, -62 = 2*u + 4*p. Let l be t(u). Calculate the greatest common divisor of 98 and l.
14
Let i be 3/((-26)/4 + 2)*15. Let x(g) = 6*g - 9. Let s be x(i). Let y = -45 - s. Calculate the highest common divisor of y and 84.
12
Let z = -26195 - -26225. Calculate the highest common divisor of 237 and z.
3
Suppose -10*b - 14*b + 96 = 0. Let i be (29 - -3)*3/b. Let k be 974/9 - (-4)/(-18). What is the greatest common factor of k and i?
12
Let g(l) = -l**3 - 9*l**2 + 23*l + 7. Let q be g(-11). Let k be 6/4 + (-2)/q. What is the highest common divisor of k and 22?
2
Suppose 3*y - 2274 = 2*w, y - 3385 = 3*w + 3*y. Let g be w/58*(-3)/(9/4). What is the greatest common divisor of 117 and g?
13
Let k = -3825 + 3981. What is the greatest common divisor of 2613 and k?
39
Suppose -12*b = -1377 - 1359. Let w = 49 - -8. Calculate the greatest common divisor of w and b.
57
Let l(j) = 71*j - 2934. Let i be l(42). What is the greatest common divisor of 7152 and i?
48
Let n(s) = 139*s**2 + 183*s + 45. Let r be n(-6). Calculate the highest common divisor of r and 9.
9
Let s = 18 - 17. Let y = 15 - 10. Calculate 